(-4).
-2
Let a(k) = 3*k**3 - 4*k**2 + 5*k. Let l(j) = -13*j**3 + 15*j**2 - 19*j - 1. Let r(p) = -9*a(p) - 2*l(p). Calculate r(5).
-8
Let k(l) = l**3 - 4*l**2 + 5*l - 2. Let y be k(3). Suppose 0 = -4*t + 12, 0 = v - y*v - 2*t - 9. Let i(x) = 0*x - 3*x**2 - 6*x + 2*x**2. Give i(v).
5
Let a be 0 - (-28 + 3)/5. Let z(b) = 0*b + 2*b - b - 2. Let o be z(a). Let k(i) = -i + 2. Calculate k(o).
-1
Let p(j) be the third derivative of j**8/6720 + j**7/1260 - j**5/60 + j**4/24 - 4*j**2. Let v(a) be the second derivative of p(a). Give v(-2).
-2
Suppose u = -3*u + 5*d + 31, 0 = -3*u - 4*d. Let l be (-153)/(-6) + (-2)/u. Suppose 2*m + 3*m + l = 0. Let i(y) = -y**2 - 5*y + 7. Calculate i(m).
7
Let x(j) = j - 6. Let h(a) = 5*a - 7. Let b be h(2). Determine x(b).
-3
Let l(o) be the first derivative of -o**3/3 - 5*o**2/2 - 3*o + 7. What is l(-3)?
3
Let z(h) be the first derivative of h**4/4 - 3*h**3 - 9*h**2/2 - 13*h + 43. Calculate z(10).
-3
Let h(v) be the second derivative of v**6/720 - v**4/12 + v. Let g(q) be the third derivative of h(q). Suppose d = -14 + 12. Give g(d).
-2
Let q(m) be the second derivative of m**3/6 - 4*m. Let g be q(6). Let k(z) = -z + 1. What is k(g)?
-5
Let s(i) = i**2 - 3*i. Let t(o) = o**2 - 6*o - 4. Let m(d) = -2*d - 9. Let z be m(-8). Let r be t(z). What is s(r)?
0
Let a(u) = 2*u**2 + 10*u - 9. Let z be a(-6). Let d(c) be the second derivative of -c**5/20 + c**4/4 + c**3/3 - 2*c**2 + 2*c. Determine d(z).
2
Let o(r) = r**2 + r - 2. Let h = -1 + 2. Let v(s) = -2*s - 8. Let b be v(-8). Suppose -h - b = -3*x. Give o(x).
10
Let b(v) be the third derivative of -1/120*v**6 + 0 + 0*v - 2/3*v**3 - 1/24*v**4 + 1/10*v**5 + 5*v**2. Give b(6).
-10
Let o(p) = p**3 + p**2 - p - 7. Let r be o(0). Let w = r + 10. Suppose -3*f - 5 = -l + 2, 0 = l + w*f + 17. Let m(a) = a**3 + 6*a**2 + 5*a + 1. Give m(l).
1
Suppose 5*v - 2*s = 7, -3*v + 5*s - 5 = 6. Let m(a) = v*a - 5*a - 3 + a. Let u = 0 - -3. Give m(u).
-6
Let k = -4 - -6. Let q(x) = x**2 - x**2 + x**3 + 8 + x**k - x. Give q(0).
8
Suppose -3*c - 9*n = -7*n - 21, c - n = 7. Let i(g) be the first derivative of -g**4/4 + 7*g**3/3 - g**2 + 10*g + 2. Give i(c).
-4
Let z(g) = -g**3 + 3*g**2 + 5*g + 2. Let v(o) be the second derivative of o**3/3 - 5*o**2 + 5*o. Let k be v(7). Give z(k).
6
Let j(n) = -n - 1. Suppose 0 = 3*u + 2*s - 4, 2*u - 3*u = 2*s. Suppose -3*k + 14 = z, -2*k + 2*z = u*k - 12. Suppose -k*t = t. Give j(t).
-1
Suppose 6 = 5*f - 24. Let x(k) = k**3 - 5*k**2 - 7*k - 1. Give x(f).
-7
Let m(q) = -q**2 + 237*q**3 + 6*q**2 + 7 - 236*q**3 + 3*q. Determine m(-5).
-8
Let x(k) = -3*k + 4. Let g(z) = z. Let m(i) = 2*g(i) + x(i). What is m(6)?
-2
Let c(t) = 8*t**3 - 2*t + 1. Let x be 2*-1*(6 - 7). Suppose x*h = -3*h + 5. Give c(h).
7
Let a(v) = v**3 - v - 1. Let i(c) = c**3 - 3*c - 2. Let s be i(0). Determine a(s).
-7
Let d = -11 - -15. Suppose -m + p + 26 = 5*p, -d*p + 20 = 0. Let o(c) = 7*c + 3 + 3 - m - 1. Determine o(-1).
-8
Let i(f) = -f**3 - f**2 + f + 4. Suppose x + 4*d = -2*x - 8, -5*x = 3*d + 6. Give i(x).
4
Let w = 20 - 25. Let h(g) be the second derivative of -g**4/12 - g**3 + 3*g**2/2 - g. Determine h(w).
8
Let t(b) = -2*b**3 - 2*b**2 + 2*b + 2. Let i be (-2)/(-8) - (-22)/8. Let k be ((-4)/(-3))/(i/9). Suppose 2*z = -4*a - 18, k*a - 2*a = -3*z - 19. Calculate t(a).
6
Suppose -8*j - 28 - 4 = 0. Let z(g) be the first derivative of g**2/2 + 2*g - 1. Determine z(j).
-2
Let c(i) = 4*i. Let z(t) = -t. Let w = 13 - 14. Let n(d) = w*c(d) + 2*z(d). Calculate n(-1).
6
Let p(l) = 3 + l - 6 + l. Let d be p(3). Let t(b) be the first derivative of -b**4/4 + 2*b**3/3 + 2*b**2 - b + 1. Determine t(d).
2
Let q(j) = 4 + 5*j - 4. Let x = 22 + -23. Determine q(x).
-5
Let o(l) = l**3 - 9*l**2 - 8*l - 14. Let f(x) = -2*x**3 - 16*x**2 - 13*x + 17. Let h be f(-7). Give o(h).
6
Let z(o) be the first derivative of -2*o + o**3 + 3/2*o**2 + 2 - 1/4*o**4. Let p(l) = l**3 - 5*l**2 + 2*l - 6. Let s be p(5). What is z(s)?
-6
Let w be (66/110)/(2/(-10)). Let k(b) = 3*b - 2. Determine k(w).
-11
Let o(c) = -3*c + 4 - 1 - 2 - c**2. Suppose -l - 4 = -1. Let f be o(l). Let i(u) = -u**3 + u**2 + 2*u - 1. What is i(f)?
1
Let w(z) = -z. Let n be (-4)/1 + (-26)/(-13). Let k be (n + -4)/(2/1). Calculate w(k).
3
Let t(h) = -h**2 - h - 2. Let d = -12 - -20. Suppose 0 = 3*q + q + d. Determine t(q).
-4
Let j(x) = -x**3 - 2*x**2 - 2*x + 1. Let a(r) = 2*r - 26. Let h be a(12). Determine j(h).
5
Let m(i) = -3*i - 7. Let b = 88 - 93. Determine m(b).
8
Let y(a) = 2*a + 3. Suppose 20 = u + 22. Give y(u).
-1
Let w(t) be the first derivative of t**2 - 14. Calculate w(-6).
-12
Let u(r) be the second derivative of -r**6/40 + r**4/24 + r**3/2 + 3*r. Let k(w) be the second derivative of u(w). Give k(-1).
-8
Let a = -2 - -4. Let k(d) be the second derivative of d**5/10 - d**4/3 + d**3/2 - d**2 - 16*d. Give k(a).
4
Let p be 0/(-3)*(-1)/(-1). Suppose 5*i + l - 2 - 23 = p, i + 21 = 5*l. Let x(s) = i - 2 - s + 0*s. What is x(-4)?
6
Suppose 0 = -22*v + 18*v + 28. Let b(c) = -c**3 + 8*c**2 - 8*c + 1. What is b(v)?
-6
Let p(b) = 9*b. Let i = 8 - 9. Determine p(i).
-9
Let y be (3 + -1)*-1*(-6)/8. Let x(i) be the first derivative of -y*i**2 + 1/3*i**3 + 2 + 3*i. Calculate x(3).
3
Suppose 5*r = -3*z + 11, -5*z + 0 = -r - 9. Let o be (z + -4)/(4/6). Let x(t) = t**2 + 2*t**2 + 4 - 2*t**3 + 0*t**2 + 3*t**3. Calculate x(o).
4
Let u(h) = 0 - 3 + 4 - h**2. Suppose 3*c + 16 = 5*a, -3*a = 4*c - 20 - 7. Suppose f + c - 2 = 0. What is u(f)?
0
Let i(g) = -g**3 - 3*g**2 - g - 4. Let d be (-3)/((-4)/(-4) - 0). Calculate i(d).
-1
Let q(d) = -d**2 - 3*d + 6. Let c = 64 + 16. Suppose -x = x - c. Suppose -i - 3*y = 17, -i - 3*i - 5*y - x = 0. What is q(i)?
-4
Let h(l) = -2*l - 29. Let a be h(-17). Let g(v) = v**3 - 6*v**2 + 6*v + 4. Give g(a).
9
Let l be (-9)/(-12)*(-103 - 1). Let j be (-1)/5 + l/(-15). Let a(y) = 2*y. Let t(f) = 2*f - 1. Let k(i) = -5*a(i) + 6*t(i). Determine k(j).
4
Let k(r) = 3*r + 8*r + r**2 - 6*r. Let y be k(-5). Let f(l) = -l**2 + l + 9. Give f(y).
9
Let a(m) = -m + 9. Let h be a(7). Let y(g) = -2*g**2 + 2*g + 4. Let f(t) = -1. Let l(v) = 4*f(v) + y(v). Give l(h).
-4
Let h(j) be the third derivative of -j**6/120 - 7*j**5/60 - j**4/4 - j**3 - 2*j**2. Give h(-6).
-6
Let z(h) = -h**3 + 7*h**2 + 10*h - 10. Let j be z(8). Let y be (j/9)/(2/12). Let o(c) = -c + 3. What is o(y)?
-1
Suppose 2*j - 3 = -t, -2*t + 4*t + 8 = 3*j. Let v(d) be the third derivative of -d**4/12 - d**3/3 - 11*d**2. Determine v(j).
-6
Let j(b) = -3*b - 1. Suppose 0 = -2*o, -2*w - 3*o = -8*o + 8. Let x = 9 + w. Suppose -4*p = 0, 2*f - 5*p + 9 = x*f. Calculate j(f).
-10
Let d be (-32)/(-112) - (-52)/14. Let o(i) = i**2 - 1. Let m(p) = -p**3 + 10*p**2 + 3*p - 9. Let v(b) = m(b) - 6*o(b). Give v(d).
9
Let r(j) = -2*j + 1. Let y = 25 - 35. Let k be y/3*(-3)/2. Let t = 0 - k. Calculate r(t).
11
Let a(t) be the first derivative of 1/3*t**3 - 5 + 3*t - 3/2*t**2. Calculate a(3).
3
Let w(q) = 7*q**3 - 11*q**2 - q + 5. Let i(k) = k**3 - k**2 - k + 1. Let s(o) = -6*i(o) + w(o). Calculate s(4).
3
Let b(q) = q**2 - 6*q - 4. Let d be b(7). Suppose 0 = 4*v - 5 - d. Let m(p) = -1 + 0*p - 5 - v*p. Calculate m(-5).
4
Let t be (-24)/28*(-28)/6. Suppose -3*j - 4 = -2*p - 2, 0 = -j + 4*p - t. Let x(b) = b**3 - b**2 - 3. Give x(j).
-3
Let a(v) be the first derivative of v**4/4 - v**3 + v**2/2 + v + 1. Let r = 11 - 8. Suppose 5*g = 3*i + 3*g + 1, r*g = 5*i. Determine a(i).
4
Suppose 3*i = 3*q, 3*q + 2*i = -i - 18. Let a = -9 - -19. Let x(w) = w - a*w + 1 + 8*w. Calculate x(q).
4
Let l(n) be the second derivative of -7/2*n**2 + 3*n + 1/2*n**3 + 0. What is l(5)?
8
Let d(o) be the second derivative of o**3/3 + o. Let v be (-6)/15 - (-14)/10. What is d(v)?
2
Let h(o) be the first derivative of o**3/3 - 3*o**2 + 5*o + 51. What is h(6)?
5
Suppose 7 + 0 = t - 3*l, -4*t = -3*l - 19. Let h(r) = -4*r + 6. Calculate h(t).
-10
Let g(j) = 2*j - 6. Let n = 3 + 3. Let l be g(n). Let r(q) = q**3 - 5*q**2 - 7*q + 5. Give r(l).
-1
Let j(s) be the second derivative of -s**4/12 + s**3 - 15*s. Give j(6).
0
Let i(b) be the first derivative of -b**4/12 + 5*b**3/6 + b**2/2 - 2*b + 3. Let p(f) be the first derivative of i(f). Let j = 4 + 1. Calculate p(j).
1
Let i(z) = 7*z - 4. Let k(f) = f. Let o(y) = i(y) - 6*k(y). Let u(t) = 4